Let t = 3 + 2. Let b = 27 + t. Calculate the remainder when b is divided by g.
10
Suppose -36 = -k - 3*v + 99, -5*v = 4*k - 568. Calculate the remainder when k is divided by 15.
12
Let o = 17 - 18. Let t = 20 + o. Calculate the remainder when t is divided by 7.
5
Suppose -n - 3*n + 16 = 0. Suppose -n*q + 4 = -2*q. What is the remainder when 28 is divided by q + (-13)/1*-1?
13
Let y = 89 + -28. Let h = y + 0. What is the remainder when h is divided by 16?
13
Suppose -v + 176 = v + 5*o, -4*v + 332 = 5*o. Calculate the remainder when v is divided by 42.
36
Suppose 390 = -7*f + 9*f. What is the remainder when f is divided by 33?
30
Suppose 4*f + 4*r + 2362 = -11590, 2*f = -5*r - 6976. What is the remainder when f/(-60) - (-4)/(-30) is divided by 12?
10
Suppose -4*i + 36 = -16. Calculate the remainder when 88 is divided by i.
10
Let y(l) = 3*l**2 + 3*l - 2. Suppose 0 = 4*u + 3*d - 126, u + 10 - 44 = -2*d. What is the remainder when u is divided by y(-3)?
14
Suppose 0 = -6*r + 3 + 45. Calculate the remainder when 15 is divided by r.
7
Let l = 5 + 9. Let v = -13 - -9. What is the remainder when l is divided by (-3 + v/(-2))*-5?
4
Suppose 4*m - 212 = 4*s, s + 3*s + 156 = 3*m. Suppose 2*j + 2*j = -4*w + m, w - 38 = 5*j. What is the remainder when 33 is divided by w?
15
Let t(s) be the second derivative of -s**2/2 - 2*s. Let w(f) = -f + 2. Let u(l) = -5*t(l) - 2*w(l). Calculate the remainder when 14 is divided by u(2).
4
Let y(s) be the third derivative of -s**6/120 + s**5/10 - s**4/8 + s**3/2 + s**2. Calculate the remainder when y(5) is divided by 6/(-33) + 237/33.
6
What is the remainder when 3 - (-98 + 2/(-1)) is divided by 26?
25
Let z(f) = 3*f + 3. Suppose 3*p - 7 = 2. Calculate the remainder when z(p) is divided by 2*1*(-14)/(-4).
5
What is the remainder when 142 is divided by 3/(-4)*1*(5 - 29)?
16
Suppose -5*b + 3*z + 126 = 0, 7*b - 124 = 2*b + 2*z. Let i = b - 19. Suppose 2*j - 16 = -0*j. What is the remainder when j is divided by i?
3
Let z = 0 + 18. Calculate the remainder when z is divided by 7.
4
Let l = 363 - 256. Suppose -4*g + 6*n - 3*n - 117 = 0, -4*g - l = -5*n. Let j = -23 - g. Calculate the remainder when j is divided by 4.
2
Let r(l) = l + 7. Calculate the remainder when r(4) is divided by 3.
2
Suppose -767 = -4*v - 9*v. What is the remainder when v is divided by 15?
14
Let h be 3/(-2) + (-4)/8. Calculate the remainder when (34/h - -4)*-1 is divided by 5.
3
Let z(a) = 6*a + 16. Calculate the remainder when z(4) is divided by 22.
18
Let f(a) = a**3 - 11*a**2 + a + 14. What is the remainder when f(11) is divided by 13?
12
Let j(g) = g - 4. Let b be j(6). Let o be ((-63)/2)/(-7)*b. Suppose 5*a = -15, 0*f - o = -f - 4*a. Calculate the remainder when 41 is divided by f.
20
Let j be 8*(-1 + (-9)/(-6)). Suppose -i - 33 = -j*i. What is the remainder when 21 is divided by i?
10
Let r = 50 - 42. What is the remainder when r is divided by 4?
0
Let s(v) = -v**3 + 10*v**2 - 10*v + 6. Let i be s(9). Let l = -1 - i. Calculate the remainder when 1 is divided by -2*(-1 + 1/l).
0
Let y(i) = -i + 8. Let w(o) = -o**3 - 6*o**2 - o. Let q be w(-6). Let n(f) = f**3 - 5*f**2 - 3*f - 14. Calculate the remainder when n(q) is divided by y(6).
0
Suppose -4*x + 99 = -17. Calculate the remainder when x is divided by 17.
12
Suppose -79 = -4*h - 3*v + 61, -5*v = -h + 12. Calculate the remainder when h is divided by 17.
15
Suppose -c - 131 = -132. Let t = 2 - 2. Suppose -3*d - d + 4 = t. Calculate the remainder when d is divided by c.
0
Let l(t) = t**2 - 11*t + 7. Let s be l(11). Suppose -8 = -3*h + 5*o, -4*h - 4*o = s - 39. Calculate the remainder when h is divided by 4.
2
Suppose 54 = -b + 4*b. Suppose 2*d - b = -d. Let l = -7 - -11. Calculate the remainder when d is divided by l.
2
Suppose 66 - 24 = 2*o. What is the remainder when o is divided by 6?
3
Let m(r) = -26*r + 4. Let d be m(-3). Let u = d + -59. Calculate the remainder when 43 is divided by u.
20
Let x = 120 - 81. Calculate the remainder when 114 is divided by x.
36
Let d(t) = -t**3 - 5*t**2 + 11. What is the remainder when d(-6) is divided by 13?
8
Let k = -18 + 13. Suppose -2*m + 24 = -c, -c - 66 = -0*m - 5*m. Calculate the remainder when 1/k + (-272)/(-10) is divided by m.
13
Let u = -19 + 14. Let l(w) = -w**3 - 3*w**2 - 7*w + 2. Calculate the remainder when l(u) is divided by 22.
21
Let d(v) = -v - 1. Let n be d(8). Let m be (-6)/((n/(-6))/1). What is the remainder when 18/5 - m/10 is divided by 2?
0
Calculate the remainder when (-4)/(-10) + (-253)/(-5) is divided by 13.
12
Suppose 0 = -h, 0*l = 4*l + h - 8. Let m = l - -1. What is the remainder when 3 is divided by m?
0
Suppose -22 = -o + 4*i, 5*o + i = 10*o - 148. Calculate the remainder when o is divided by (1*4)/(3/6).
6
Suppose -25*v = -22*v - 129. Calculate the remainder when v is divided by 17.
9
Suppose 0 = -3*n + o + 10, -4*n + 3*o + 1 = -14. Calculate the remainder when 10 is divided by n.
1
Suppose 3*v - 2*v = 4*c - 7, -5*c - v + 20 = 0. Suppose n + c - 12 = 0. What is the remainder when 33 is divided by n?
6
Suppose -49 = -4*v + 3. What is the remainder when v is divided by 8?
5
Let j(w) = -w**3 - 8*w**2 - 14*w - 6. Calculate the remainder when 8 is divided by j(-6).
2
Suppose -5*s + 3*c + 32 = 0, -6*c = -2*s - c + 28. Calculate the remainder when 19 is divided by s.
3
Calculate the remainder when 66 is divided by 3 + (-30)/(-8)*16/4.
12
Suppose -1 = 3*y + a - 42, -5*y - a = -71. Suppose -3*g - 2*s - s + 69 = 0, 4*s = 4*g - 132. Calculate the remainder when g is divided by y.
13
Let l(t) = t**3 + 7*t**2 + 5*t - 3. Let i be l(-6). Suppose -5*j = g - 30, 0*j + i = j. Let b = 112 - 53. What is the remainder when b is divided by g?
14
Suppose -3*v = 3*i - 21, 5*i + v - 5*v - 8 = 0. Calculate the remainder when (11/4)/((-2)/(-8)) is divided by i.
3
Let d = 15 + 102. What is the remainder when d is divided by 17?
15
Suppose -2*z + 5*z - 24 = 0. Let p(g) = g**3 - 8*g**2 + 2*g - 8. Let f be p(z). Suppose 3*v + 160 = f*v. Calculate the remainder when v is divided by 11.
10
Suppose 4*o - o - 57 = 0. Calculate the remainder when 54 is divided by o.
16
Suppose w = -3*j + 10 - 1, 2*j - 17 = 3*w. Let u = 4 + 6. Suppose u = f - j. Calculate the remainder when f is divided by 8.
6
Suppose 0 = -4*h + v + 21 - 9, 5*v - 24 = -h. Suppose -12*d = -53 - 7. Calculate the remainder when d is divided by h.
1
Suppose 0 = 4*n - 7*n + 42. Let t(j) = 2*j**2 + 5*j - 2. What is the remainder when t(-6) is divided by n?
12
What is the remainder when 1053/45 + (-8)/20 is divided by 78/9 + (-4)/6?
7
Let j(i) = 4*i**2. Let u be j(3). Calculate the remainder when 20 is divided by (-2)/10 - u/(-5).
6
Suppose 4*o = 3*c + 216, -3*o - 5*c + 108 = -o. Calculate the remainder when ((-3)/9 - -1)*o is divided by 19.
17
Let i(c) = 12*c + 4. Calculate the remainder when 63 is divided by i(1).
15
Let a(l) = -l**2 - l + 8. Let s be a(0). Let p(w) = 2*w - 6. What is the remainder when 19 is divided by p(s)?
9
Suppose 2*a + 450 = 7*a. Calculate the remainder when a is divided by 13.
12
Let v = -16 - -24. What is the remainder when 25 is divided by v?
1
Suppose -5*d + 50 = -2*c + 15, 35 = 2*d - 5*c. What is the remainder when 28 is divided by d?
3
Let g(o) = -o**3 + 7*o**2 - 2*o. Let z be g(6). Let x = -10 + z. Calculate the remainder when 41 is divided by x.
13
Let l(v) = -v**3 + 6*v**2 + v - 3. Let n = 11 + 8. Suppose 0 = -2*i - 0*m - 3*m - 11, -3*i = 5*m + n. Calculate the remainder when l(6) is divided by i.
1
Suppose -3*s + 22 = -11. Suppose -z + 32 = -3*u, 5*u + 0*u + 40 = z. What is the remainder when z is divided by s?
9
Let l(k) = 3*k - 9. Let v be l(6). Suppose -9 - v = -y. Let i = 56 - 22. What is the remainder when i is divided by y?
16
Let d(t) = 21*t**2 + 3*t - 11. Calculate the remainder when d(2) is divided by 27.
25
Suppose -12*c + 18*c - 534 = 0. Calculate the remainder when c is divided by 24.
17
Calculate the remainder when 89 is divided by (-1)/(-3) + -1 + (-276)/(-9).
29
Suppose 3*d - s - 284 = 0, 3*d - 2*s - 127 = 153. Calculate the remainder when d is divided by 14.
12
Let z(t) = t**3 - 6*t**2 - 8*t + 9. Let g = -3 - -3. Let n = g - -3. What is the remainder when n is divided by z(7)?
1
Suppose 0*a + 3*a = 15. Suppose 2*c = 3*u + u - 72, -18 = -u - c. Let r =